(t) + l(t). Let f be a(-3). What is the greatest common divisor of f and 22?
22
Let w(u) = -u**3 - 3*u**2 - u + 2. Let k be w(-2). Suppose k = 4*b - 16 - 8. What is the greatest common factor of 15 and b?
3
Suppose -3*u - 33 = 5*c, 0 = 5*c - u + 2*u + 41. Let g = c - -21. What is the greatest common factor of 8 and g?
4
Let t be 0/(-4 + 2 - -4). Suppose -5*z - 5*i = 0, -12 = -z - t*z + 5*i. What is the greatest common factor of 16 and z?
2
Suppose 32*w = 36*w - 104. What is the greatest common divisor of 52 and w?
26
Let o(d) = 3*d**2 + 6*d - 1. Let q be o(-8). Calculate the greatest common factor of q and 13.
13
Let d be 5 + (1325/(-5))/(-1). Calculate the highest common divisor of d and 30.
30
Suppose 3*k = -k + 16. Suppose -3*f = -k*v + 2*v - 21, 0 = 3*v + 3*f - 6. Let s be (2 - 1) + (1 - v). Calculate the highest common divisor of s and 1.
1
Let w be (-140)/(-7) - 2 - 4. Suppose -3*x = -19 - 2. Calculate the greatest common divisor of x and w.
7
Let n(h) = -h**3 - 5*h**2 + 16*h - 8. Let l be n(-8). What is the greatest common factor of 14 and l?
14
Suppose 9*w - 10*w + 24 = 0. Suppose 0 = -5*m + 4*b + 296, -236 = -4*m + b + 3*b. Calculate the highest common divisor of w and m.
12
Suppose 2*f - 4*f + 4 = 0. Suppose 5*t + 111 = -f*r, -5*t + 267 = -4*r - 0*r. Let x = r + 107. Calculate the greatest common divisor of 4 and x.
4
Suppose 0 = w, w + 15 = 5*t - 0*w. Suppose s + 1 = 2*a, -5*a - 2 = 3*s - 10. Suppose 3*h - 2*h - a = 0. Calculate the highest common divisor of h and t.
1
Let w be (-2)/5 - 234/(-10). Suppose 0 = 3*r - 16 + 4, 2*r - w = -3*u. Calculate the highest common divisor of u and 5.
5
Let a(g) = g**2 - g + 3. Let h(x) = -x**3 - x + 4. Let z(n) = -4*a(n) + 3*h(n). Let o be z(-3). Calculate the greatest common divisor of 14 and o.
14
Let m(j) = j**3 - 4*j**2 - 7*j - 2. Let g be m(7). What is the highest common factor of 16 and g?
16
Let n be 119/4 - (-6)/24. Suppose u + n = -b + 3*b, -2*b + 32 = -2*u. Calculate the highest common factor of b and 28.
14
Let q(k) be the first derivative of k**4/4 - 11*k**3/3 + 3*k - 3. Let h be q(11). Calculate the greatest common factor of h and 27.
3
Suppose 4*i = -0*i + 32. Suppose 0*o = -4*o + i. Let r = 3 - o. Calculate the greatest common divisor of r and 1.
1
Let m(r) = -r**2 + 3. Let b(a) = a**2 - 1. Let o(q) = 4*b(q) + m(q). Let d be o(1). Let j = 9 + -3. Calculate the highest common divisor of d and j.
2
Let l be (-4)/(-1) + 2/(-2). Suppose 5*z - 70 = l*z. What is the highest common divisor of z and 7?
7
Let k = 54 - 39. Calculate the highest common factor of k and 30.
15
Suppose h - 11 = -5*u + 6, -u = -4*h + 5. Let m = -1 + u. Suppose 2*z + m*z = 40. Calculate the greatest common divisor of z and 5.
5
Suppose 2*r = -2*l + 40, 2*l = 4*l - 4*r - 64. Let v(h) = 13*h + 5. Let n be v(-7). Let b = n - -146. Calculate the highest common factor of l and b.
12
Let x be (-1)/((-4)/(-36)) - -4. Let v be x/((-10)/4) + 7. Calculate the greatest common factor of v and 72.
9
Let m(n) = -7*n + 13. Let t be m(-4). Calculate the greatest common divisor of t and 369.
41
Suppose -3*t + 15 = 3. Let y be (t/8)/((-2)/4). Let r(w) = -59*w + 1. Let k be r(y). Calculate the highest common divisor of 24 and k.
12
Suppose -r - 4*r + 4*y = -491, 0 = r + 5*y - 104. Calculate the highest common factor of 11 and r.
11
Let f be 6 + (2 - 3) + -1. Suppose f*h + 5*v - 47 = 0, 2*h - 35 = 4*v + 21. Calculate the greatest common divisor of 2 and h.
2
Let m(w) = -3 - 3 + 2 - 4*w**2 - w**3 - 3*w + 13*w**2. Let c be m(8). Calculate the highest common factor of 24 and c.
12
Let g(b) = -b**3 - 7*b**2 + 8*b - 2. Let l be g(-8). Let k be 2 - (1 + (-81 - l)). Calculate the greatest common divisor of k and 10.
10
Suppose -4*f + t - 284 + 1022 = 0, 542 = 3*f + 5*t. Calculate the highest common factor of f and 23.
23
Suppose -14*q = -13*q - 93. What is the highest common divisor of q and 3?
3
Let c(d) = 115*d**2 - 2*d + 6. Let k be c(2). Suppose a = 7*a - k. What is the greatest common factor of a and 11?
11
Let v(b) = 2*b - 2. Let h be v(7). Let c = -10 + h. What is the highest common divisor of 2 and c?
2
Let w be (2 - (-8 - -2)) + 1. Let x be (24/(-14))/((-5)/105). What is the highest common factor of w and x?
9
Let u(d) = -2*d**3 - 4*d**2 + d - 1. Let l be u(-3). What is the highest common divisor of l and 7?
7
Let c be (-11 - (0 + 3))*9/(-6). Let j be (17/3)/(2/(-18)). Let l = j - -93. What is the greatest common divisor of l and c?
21
Let v(j) = -j**3 - 9*j + 1 - 3 - 2 - 9*j**2. Let a be v(-8). Let h = 6 - a. What is the highest common factor of h and 5?
1
Let n(c) = -c**3 + 2*c**2 + 7*c + 4. Let r be n(-3). What is the greatest common divisor of r and 70?
14
Let n = 83 - 23. Calculate the greatest common divisor of 24 and n.
12
Suppose 4*y - 2*k = 264, -y + 2*k - 12 = -72. Let b(r) = r**3 + 5*r + 4. Let w be b(-3). Let g = y + w. Calculate the greatest common factor of g and 15.
15
Let v(l) = -2 + 3 + 3 - l + l**2. Let n be v(3). Calculate the greatest common divisor of n and 10.
10
Let v(m) = -9*m + 19. Let f be v(-9). Calculate the highest common factor of 20 and f.
20
Let n(z) = -6*z - 18. Let l be n(-5). Calculate the greatest common divisor of 4 and l.
4
Let h be 184/44 + 2/(-11). Suppose h*v - 3 = 369. Let i = v - 45. What is the greatest common divisor of 6 and i?
6
Let q(v) = 3*v + 9. Let r be q(-7). Let u = r - -14. Suppose 0 = 6*p - p - 25. Calculate the greatest common divisor of u and p.
1
Suppose -4*z = -17 + 1. Let l = 12 + z. Calculate the highest common factor of l and 64.
16
Let z be (-30)/4*66/(-9). What is the greatest common divisor of z and 22?
11
Let t(o) = -18*o - 1. Let j be t(-2). Calculate the greatest common factor of 5 and j.
5
Let b(x) = 2*x - 5. Let p be b(4). Suppose -a + 2 = 4*w - 9, -3 = p*w. What is the highest common factor of a and 165?
15
Let b = -109 - -133. What is the highest common factor of b and 168?
24
Suppose 0 = 4*d - 4, -17 = -4*l - d + 32. Let h be (-438)/14 + 14/49. Let u = 91 + h. What is the highest common factor of l and u?
12
Let l(n) = 6*n**2 - 3*n - 3. Let a be l(5). Calculate the greatest common factor of 33 and a.
33
Let k(y) = -5*y**3 + y**2 - 5*y + 1. Let d(s) = -s**3 - s**2 - 1. Let g(f) = -4*d(f) + k(f). Let j be g(4). What is the greatest common factor of 5 and j?
1
Let k(q) = -3*q**2 + 3*q - 51. Let r(x) = -x**2 + x - 25. Let m(b) = 2*k(b) - 5*r(b). Let z be m(0). What is the highest common divisor of z and 23?
23
Suppose q - 14 = -6. What is the highest common factor of 64 and q?
8
Suppose 3*d - d - 460 = 0. Suppose d = 7*l - 2*l. What is the greatest common factor of l and 69?
23
Suppose -4*o - t + 27 = -o, 0 = 5*t. Let x be 2/(-3)*(1 + -28). Calculate the greatest common factor of o and x.
9
Suppose 5*q - 40 = -25. Let h be (1 + -2)*3*-9. What is the greatest common divisor of q and h?
3
Let f(s) = -s**2 + 24*s + 22. Let n be f(24). Let u be (1 - 54/(-1)) + 0. What is the highest common divisor of u and n?
11
Let o(s) = s**3 + 8*s**2 + 6. Let h be o(-8). Suppose 0 = -2*f + 26 - h. Calculate the highest common factor of f and 10.
10
Let c = -161 - -296. What is the greatest common divisor of c and 27?
27
Suppose 4*a = 2*o - 0*o + 12, 0 = -5*o - a + 14. Suppose -2*m - 56 = 2*m. Let v = o - m. What is the greatest common divisor of 8 and v?
8
Let b = 49 + -40. Let n be (-448)/(-5) + 2/5. Calculate the highest common factor of b and n.
9
Suppose -t + 0*t + 7 = 0. Suppose -5*w = 2*a - w - 74, a - w = 34. Calculate the highest common factor of a and t.
7
Suppose 66 = 5*m + 6. Calculate the highest common divisor of m and 84.
12
Let y = 42 + -30. Calculate the greatest common factor of y and 60.
12
Let d = 315 + -115. Suppose 4*q = -0*q + d. Calculate the highest common divisor of q and 75.
25
Let q = 2 + -1. Let a = -1 + q. Suppose 7*i - 3*i + 4*w = 40, -4*i - 3*w + 36 = a. What is the greatest common divisor of i and 12?
6
Let f = 27 + 5. What is the greatest common factor of f and 4?
4
Let w = 18 + -30. Let l be (-1)/4 + (-627)/w. Calculate the highest common divisor of 13 and l.
13
Let b be ((-5 - -5) + 1)*15. Let h be 2/4 + (-116)/(-8). What is the greatest common divisor of h and b?
15
Suppose 5*p - 27 - 3 = 0. Let o be 12/(-8)*-2*p. Calculate the highest commo